ivisor of n and 18?
6
Let l(a) = -7*a - 56. Let g be l(-14). Suppose -29 = -3*q + 55. Calculate the greatest common factor of g and q.
14
Let d be 4600/110 - 4/(-22). Calculate the highest common factor of d and 6.
6
Let l = 24 + -10. Suppose 0*m + 2*m = -l. Let r = 18 + m. Calculate the greatest common factor of 88 and r.
11
Let g be 10*(-3)/30*-4. Suppose g = -3*y + 19. Suppose y = p - 50. What is the greatest common divisor of p and 11?
11
Let a be (-6)/(3 - 10/3). Suppose 3*r + 0 = a. What is the greatest common divisor of 30 and r?
6
Let f(u) = -u + 12. Let b be f(5). Suppose 94 = -3*z + 5*z. Suppose -4*s + 205 = -z. What is the greatest common divisor of s and b?
7
Let b(d) = 10*d - 4. Let x = -24 + 17. Let g be b(x). Let w = g + 128. Calculate the greatest common factor of 36 and w.
18
Let h(q) = q**3 - 16*q**2 - 17*q + 13. Let l be h(17). Calculate the greatest common factor of 104 and l.
13
Suppose -14 = -0*g - 2*g + 3*v, 0 = -2*g - v + 14. Let n = 156 + -100. What is the greatest common factor of n and g?
7
Suppose -3*x = -8 + 2, 0 = o + x - 66. Let h = -36 + 52. Let m be 1 + -1 - (0 - h). What is the highest common divisor of m and o?
16
Let v(d) = -d**3 - 5*d**2 + 5*d + 5. Let x be v(-6). What is the highest common divisor of 33 and x?
11
Let b be (-30)/(-26) + -1 - (-2115)/195. Suppose 0 = -4*v + c - 25, v - c = -3*c - 4. Let y be 383/5 + v/(-15). Calculate the greatest common factor of b and y.
11
Let q = 2 + 0. Suppose q*n - 363 = -n. Suppose 5*h = -5*c + 35, -4*c + h - 29 = -7*c. What is the highest common factor of n and c?
11
Let v = 53 - 1. Let w(x) = x**3 - 7*x**2 + 5*x - 4. Let i be w(5). Let g = v - i. Calculate the highest common divisor of 9 and g.
9
Let q(l) = 5*l + 5. Let b = 12 + -6. Let k be q(b). Calculate the highest common factor of 7 and k.
7
Let c be 3/(0 + -1) + 43. What is the greatest common divisor of c and 16?
8
Let v be (-12)/2*2/(-12)*3. What is the greatest common factor of v and 18?
3
Let x(k) = 0 - k + 1 + 3 + 15. Let v be x(8). Calculate the greatest common divisor of v and 11.
11
Let v(i) = i**3 + i**2 - 2*i + 1. Let d be v(-2). Let j be d - -3 - 9/(-9). Let r be 0 + 5*(-2 - -5). What is the greatest common factor of r and j?
5
Let f(d) = d**3 + 5*d**2 + 4*d - 1. Let m be f(-3). Suppose 0 = -x + 2 + 2. Suppose x*p = -p + 200. What is the greatest common factor of p and m?
5
Suppose 0 = -2*n - 4*j + 24, -4*n + 104 = -4*j - 4. Let b = -20 + n. Calculate the greatest common factor of b and 2.
2
Let h = -51 + 57. Calculate the highest common factor of 6 and h.
6
Suppose 2*l + 7 = a - 2*a, 25 = -5*a - 5*l. Let s = a + 9. What is the greatest common divisor of 6 and s?
6
Suppose 2*i = 3*z - 417, -3*i - 825 = i + 3*z. Let f = 394 + i. What is the greatest common divisor of f and 17?
17
Let b(r) = r**3 + r**2 - 4*r + 3. Let l be b(2). Let y = 14 - l. Let d(c) = c + 25. Let o be d(3). Calculate the highest common factor of o and y.
7
Let x be (-844)/(-6) + (-3)/(-9). Let c = x + -97. Suppose -33 = -7*k + 4*k. Calculate the greatest common factor of c and k.
11
Suppose 5*g + 3*t - 149 = 370, 5*t = -3*g + 305. Suppose 15 = 4*l - 45. What is the greatest common divisor of l and g?
15
Suppose -3*t - 96 = t. Let p be (12/t)/((-1)/36). What is the greatest common divisor of 2 and p?
2
Suppose -3*r + 18 + 33 = 0. Calculate the highest common divisor of r and 68.
17
Let q(y) = y**3 - 4*y**2 + 2*y - 4. Let v be q(4). Suppose -v*l - 12 = -5*l. Let w be 95 + -3*1/(-3). Calculate the greatest common divisor of l and w.
12
Suppose -2*p = 2*p + 4*k + 236, k = -4. Let g = p - -77. Suppose -g = -3*h + 8. What is the greatest common factor of 80 and h?
10
Suppose -4*t - 4*o - 65 = -489, 0 = -5*o + 10. What is the highest common factor of t and 8?
8
Let m = 48 - 38. Calculate the greatest common factor of 55 and m.
5
Suppose -89 = -5*p + 3*d, -d - 72 = -4*p + d. Calculate the greatest common divisor of p and 133.
19
Let p(y) be the third derivative of 49*y**6/120 - y**5/60 + y**4/24 - y**3/6 - 8*y**2. Let s be p(1). Calculate the greatest common factor of 32 and s.
16
Let s be 122 - (-12)/(6 + -3). What is the highest common divisor of s and 14?
14
Suppose 2*w - 19 = -m, 2*m - 5*w = 20 + 45. Calculate the highest common divisor of 10 and m.
5
Let g = -2 + 6. Let r = g + -1. Let c = -3 - -6. What is the highest common factor of c and r?
3
Suppose a = -3*w + 16 + 23, 3*w = -3*a + 33. Let m be 16/6 - (-4)/(-6). Calculate the highest common divisor of m and w.
2
Let z = -13 + 47. What is the greatest common divisor of 17 and z?
17
Let z be (-70)/(-4)*(2 + -4). Let g = z - -112. Suppose -72 = -2*p + 4*a, 3*a - 58 = -3*p + g. Calculate the highest common factor of 28 and p.
14
Let y(z) = 8*z + 1. Let i = 4 + -2. Let o be y(i). What is the highest common factor of 17 and o?
17
Let s(y) = 14*y**2 + 2*y - 6. Let h be s(3). What is the highest common factor of h and 18?
18
Suppose -4*h + 3*k + 2*k + 57 = 0, k - 3 = 0. Calculate the greatest common factor of 45 and h.
9
Let b = -11 + 48. What is the greatest common divisor of 111 and b?
37
Suppose s = -2*m - 3 - 12, -m = -5*s + 24. Let g be (3/(-2))/(m/12). Suppose -g*h + h + 7 = 0. Calculate the greatest common factor of h and 21.
7
Let h be (1/2)/(4/176). Let s be (1/2)/(1/h). Suppose 3*u = 2*u + 22. Calculate the greatest common divisor of u and s.
11
Suppose 0 = 3*l - 3*t - 159, 5*t + 8 + 2 = 0. Calculate the greatest common divisor of 34 and l.
17
Suppose -i = -4*j - 62, 67 = 3*i + 5*j - 34. Calculate the highest common factor of 14 and i.
14
Let k be (-14 - -6)*2/(-4). What is the highest common factor of k and 12?
4
Suppose -2*p + 5*p = 18. Suppose 2*d - 378 = -5*d. What is the greatest common divisor of d and p?
6
Let w(c) = 5*c - 5. Let v be w(7). Suppose 6 = -f + 2*z + 1, -4*f = -2*z - 4. Suppose f*j = 2*j + 10. Calculate the greatest common factor of j and v.
10
Let z(f) = -2*f - 7. Let m = 14 - 20. Let i be z(m). Suppose 5 + i = 2*q. What is the highest common divisor of q and 20?
5
Let w be ((-10)/(-2))/((-3)/(-12)). Let j be -44*w/(-8)*1. What is the greatest common factor of 10 and j?
10
Suppose -2*c = -4*h - 2, -3*c + 4*c = -h + 7. Let u = 7 - -28. Suppose 5*t + 10 = u. Calculate the highest common factor of c and t.
5
Let b = 162 + -85. Calculate the greatest common factor of 11 and b.
11
Suppose 7*q + 90 = 12*q. Calculate the greatest common factor of q and 90.
18
Suppose 64 = 3*s + s. Suppose -2*w - s - 12 = -p, -5*p - 2*w = -104. What is the greatest common divisor of p and 2?
2
Let w be 42/(-4) - (-5)/(-10). Let s be (w - -14) + 1*2. Calculate the greatest common divisor of 1 and s.
1
Let q(f) = 3*f + 4. Suppose -4 = -2*w + w. Let r be q(w). Calculate the highest common factor of 112 and r.
16
Let n(q) = -5*q - 6. Let s = -10 + 6. Let m be n(s). Calculate the highest common divisor of m and 2.
2
Let v(b) = -10*b + 5. Let z be v(-4). Let i = 9 - 15. Let g = -1 - i. Calculate the greatest common factor of g and z.
5
Suppose 2*s - 4*k - 8 = -0*s, 3*s = 4*k + 14. Let a = s + -4. Suppose -a*p = -3*v - 3, -12 = 3*v - 0*p - 5*p. Calculate the greatest common factor of 2 and v.
1
Let y(l) = -2*l - 3. Let o(m) = m + 4. Let s(x) = -2*o(x) - 3*y(x). Let h be (-2 + 3/(-6))*-2 + -4. Let a be s(h). What is the highest common factor of a and 1?
1
Suppose -5*l + 115 = -0*l. Suppose 2*y - 3*i - 500 = 0, -4*i + i = -y + 247. What is the greatest common divisor of y and l?
23
Let f = -6 - -7. Calculate the highest common divisor of 3 and f.
1
Let r(o) = -o**2 + 12*o - 18. Let j be r(10). Let c(u) = u**3 - u**2 - 10. Let s be c(0). Let n be j/s + 610/50. What is the greatest common factor of n and 36?
12
Let v = 5 - 10. Let p be v/(-10) + (-139)/(-2). Let q(l) = -l**2 + 7*l + 4. Let w be q(6). Calculate the greatest common factor of p and w.
10
Let n = -11 + 26. Let k = 19 - n. Calculate the greatest common divisor of k and 12.
4
Suppose -3*p = p. Suppose 4*x - 72 = 4*y, 5*x - 1 = 3*x - 5*y. Suppose p = k - 34 + x. Calculate the greatest common factor of 14 and k.
7
Let x be 2/4 + 21/2. Suppose 0 = 5*l - 3*l - 10. Let a = x - l. Calculate the highest common factor of a and 24.
6
Let w be (40/56 + (-2)/(-7))*12. Let g be 2 - -83 - 2/2. What is the greatest common factor of w and g?